i(c) = 8*c - 96. Let k be i(14). What is the highest common divisor of 4 and k?
4
Suppose 13*p - 861 = -8*p. What is the greatest common divisor of 328 and p?
41
Suppose 3*q - 2*u - 3*u = 10, -3*q - 5*u = -20. Let l be 40*((-2)/q)/(-1). Calculate the greatest common divisor of 160 and l.
16
Let o = 550 - 422. What is the highest common divisor of o and 48?
16
Let o = -382 + 397. Calculate the highest common factor of o and 2355.
15
Suppose 0*i + 2134 = 5*i + m, 2132 = 5*i + 3*m. Let r = i - 250. Suppose -2*d - 3*a = -6*d + 265, -3*d + r = 5*a. What is the highest common factor of 8 and d?
8
Let w be 2*41 + 4/(-2). Let s = 21 + -9. Suppose -16*q = -s*q - 32. What is the highest common factor of q and w?
8
Suppose -6*d + 12 = -3*d. Suppose d*t = 94 - 30. Suppose m - 7 - t = 2*k, -2*m + 53 = 3*k. What is the highest common factor of 5 and m?
5
Suppose 0*y + 4*y + 20 = 4*h, -17 = -4*h + y. Suppose 5*u = u + h. Calculate the highest common divisor of 4 and u.
1
Suppose -4*s - 920 = -0*c + 3*c, 4*c - 4*s + 1180 = 0. Let o be 11/(4 + c/76). Calculate the greatest common divisor of o and 19.
19
Let g(t) = 3*t - 10. Let f be g(3). Let c be f - (-2)/1*1. Let y(z) = 9*z**3 - 2*z**2 + 2*z - 1. Let q be y(c). Calculate the greatest common factor of 8 and q.
8
Suppose 35 = x + 4*x. Let a = x - -7. Calculate the highest common divisor of 14 and a.
14
Let d(a) = a**3 - 22*a**2 - 44*a + 58. Let v be d(24). What is the highest common factor of v and 44?
22
Suppose 17*t = -427 + 1379. Calculate the highest common factor of 238 and t.
14
Suppose 0 = 3*m - 8*m. Suppose m = -2*p + 5*p. Suppose p = -8*x + 4*x + 28. What is the highest common divisor of 35 and x?
7
Let g = -30 - -36. Suppose i + g*i - 392 = 0. Let v be 2/6 + (-92)/(-12). Calculate the highest common divisor of v and i.
8
Let q = 14 - 2. Let m be (16/10)/(10/75). Suppose 0*j = 4*j - m. What is the highest common divisor of q and j?
3
Suppose 0 = 747*f - 721*f - 11180. What is the highest common factor of f and 172?
86
Let w be (24/(-15))/(2/(-5)). Suppose 0 = -3*j + w*j - 50. Let c be 238/12 - 18/(-108). What is the highest common divisor of j and c?
10
Let s(t) = 5*t - 21. Let b be s(13). Suppose -10 - b = -2*w. What is the highest common divisor of 3 and w?
3
Let g = -22 + 14. Let d be 3/((-12)/g) - -60. Let n = -42 + d. Calculate the highest common factor of n and 30.
10
Let l(x) be the second derivative of x**5/5 - x**4/3 + 7*x**3/6 - 5*x**2/2 - 25*x. Let g be l(2). What is the greatest common factor of 175 and g?
25
Let m be (-7 - 27295/(-35))/((-2)/(-14)). What is the highest common divisor of m and 10?
10
Let w = 15 - 6. Suppose 4*r + w = 3*o + 3*r, 3*r - 9 = -3*o. Suppose -2 = o*g - 20. What is the highest common divisor of 12 and g?
6
Suppose -2 = m, 8 = -33*l + 38*l + m. What is the greatest common divisor of 79 and l?
1
Let s be 0*-2*1/4. Let r be (s + -2 + -7)*-2. Suppose 6 = 3*t, 0*t - r = -h + 2*t. Calculate the greatest common factor of 242 and h.
22
Let p be (8 + -3 - 1)*1 + -324. Let x be (-63480)/p - 3/8. Let d = -26 + 48. What is the greatest common factor of d and x?
22
Let r(q) = 2*q**3 - 4*q**2 + 6*q + 1. Let i be r(3). Calculate the highest common divisor of i and 407.
37
Suppose -23*y + 250 = 66. Calculate the highest common divisor of 36 and y.
4
Let h = -5 + 14. Suppose -21 = -h*j + 6*j. What is the greatest common factor of 35 and j?
7
Let b = 64 - 66. Let i be 195 - 1/(b/6). Calculate the greatest common divisor of i and 18.
18
Suppose 0 = 3*v + 12, 3*l - 196 = v - 0*v. Suppose -3*p + 0*g + 26 = -g, -2*p + 26 = -5*g. Calculate the greatest common factor of l and p.
8
Let d(a) = 1 - a - 2 + 1. Let f be d(-3). Suppose 1 = -2*i + f. Calculate the highest common divisor of i and 4.
1
Let n = -557 - -613. Calculate the greatest common factor of n and 14.
14
Let q be -4*(2 + 26/(-4)). Let w be (-4720)/(-260) - -5*4/(-130). Calculate the highest common factor of w and q.
18
Suppose 5*i = -18 - 2. Let n(f) = f**2 - 4. Let k be n(i). Suppose 0 = 2*q + 2*w - 3*w - 8, -3*q + k = -2*w. What is the highest common divisor of 10 and q?
2
Suppose -16 = 4*g - n - 58, 4*n = 3*g - 38. Calculate the greatest common divisor of g and 310.
10
Let k = 2784 - 2740. Suppose j - 114 = -4*p, -3*j + 42 - 8 = p. Suppose 5*o - 522 - p = 0. What is the highest common divisor of k and o?
22
Suppose -u = -4*u + 186. Suppose -11*j = -7*j + 124. Let l = j + 62. Calculate the greatest common factor of l and u.
31
Suppose 4*x = z + 332 + 28, 5*z + 253 = 3*x. Calculate the greatest common factor of x and 42.
7
Let d be 4/(-44) + (-3436)/(-44). What is the greatest common factor of 24 and d?
6
Suppose 8*l - 4*l - 4 = 0. Let b be (4/6)/(l/90). What is the highest common factor of 6 and b?
6
Suppose -5*s + 9 = -2*s. Let y be 20/3 + (-34)/51. Suppose g = 4*g + 4*u + y, -16 = -2*g + 4*u. What is the highest common divisor of g and s?
1
Suppose -6807 = 4*s - 6947. Suppose 0 = -0*r + 4*r - 20. Calculate the highest common factor of r and s.
5
Let t(k) = k + 6. Let c be t(-6). Suppose -8 = -4*o - c*o. Let q be (16/20)/(o/40). What is the greatest common divisor of 16 and q?
16
Let j(z) = 12*z**2 + 6*z + 7. Suppose 3*r - 8*r = 15. Let b be j(r). Suppose -3*p = f - 296, p + 13 = -4*f + b. What is the greatest common factor of 40 and p?
20
Suppose 0 = -2*c + 65 - 55. Suppose c*y = 2*y + 5*h + 283, 2*y = -5*h + 197. What is the greatest common divisor of 12 and y?
12
Let l be (-5 + -2 + 61)*1. What is the highest common factor of 180 and l?
18
Suppose -21*l = -25*l - 36. Let g(c) = c + 21. Let b be g(l). Calculate the greatest common factor of 60 and b.
12
Suppose 0 = -123*y + 141*y - 4212. What is the greatest common divisor of 72 and y?
18
Let f be (-1 + -13)/(3 + 5/(-2)). Let w = f - -35. What is the greatest common divisor of w and 7?
7
Let p be 17/(-1)*-1*1. Let r(a) = -a**3 - 5*a**2 + 36*a + 153. Let n be r(-9). Calculate the highest common divisor of n and p.
17
Suppose -s + 4*m - 1 = m, s - 4*m = -3. Suppose 5*q = 4*k + 65, -s + 3 = 2*q + 4*k. Calculate the highest common divisor of 3 and q.
3
Suppose 3*s = -s + 8. Suppose -2*t - 12 = -3*t + 5*h, -2*h = -s. What is the highest common factor of 17 and t?
17
Suppose 29 = -f + 35. Suppose -5*y + 23 = -3*b + 58, 4*y - 4 = -4*b. Suppose b*d - f = 4*d. Calculate the greatest common factor of d and 18.
6
Suppose 2 = -g + 1, 0 = r - 4*g - 10. Let p(l) = 4*l - 5. Let c be p(r). Suppose -x + 82 = c. Calculate the greatest common divisor of x and 9.
9
Let s be (44/(-6))/(24/(-324)). Suppose 4*u - s = 69. Calculate the highest common divisor of 294 and u.
42
Let g(o) = 2*o**2 + 5*o - 2. Let w be g(-3). Calculate the greatest common divisor of 13 and w.
1
Let h = 31 - 28. Suppose 3 = -3*x + 3*g - 4*g, 0 = 5*x + h*g + 9. Suppose 7*l = 3*l - 4*r + 32, x = 3*r - 6. What is the highest common divisor of l and 2?
2
Let x(d) = 3*d**3 + 5*d**2 - 2*d + 10. Let u be x(3). Calculate the greatest common divisor of u and 10.
10
Suppose 4*o - 6*s + s - 23 = 0, -10 = -2*s. What is the highest common factor of 3 and o?
3
Let g = -1 + 1. Suppose -3*z = -u - 4*u - 38, 0 = 3*z - 4*u - 43. Let h = z + g. Calculate the greatest common divisor of h and 189.
21
Let o(a) = a**3 + 4*a**2 + 5. Let n be o(-4). Suppose -21 - 69 = -n*l. Calculate the greatest common factor of 9 and l.
9
Let m be 2 + 44 + 4/(-1). Calculate the greatest common factor of m and 84.
42
Suppose -k + 35 = -i + 10, -5*k - 73 = 4*i. Let c = 79 + i. Calculate the greatest common factor of 19 and c.
19
Let q = 158 - 108. What is the greatest common divisor of 4 and q?
2
Let o = -56 - -58. Suppose -5*a - 4*w - 12 + 42 = 0, o*a - 4*w - 40 = 0. Calculate the highest common divisor of 30 and a.
10
Let x be (-1 - -10) + 2 + 1. Let d be (x + 0)/(-9 - -11). What is the greatest common divisor of 54 and d?
6
Let s be (-5 - (-54)/12)*(-1 + -223). What is the highest common divisor of s and 308?
28
Let f be (-4)/(-18) - 1006/(-9). Let b be (-750)/(-54) - 14/(-126). Calculate the greatest common divisor of f and b.
14
Suppose 31*k = 8*k + 46. Calculate the highest common divisor of 50 and k.
2
Let g = 596 + -352. Suppose 2*n - g = -5*x, -3*n = 4*x - 0*x - 198. What is the highest common factor of 120 and x?
24
Let d = -38 + 33. Let t = d -